e number?
True
Is 2212141 prime?
True
Is 344989493 a composite number?
False
Is 41988631 composite?
False
Is 53135869 prime?
True
Is 11276506 a prime number?
False
Is 107978447 a prime number?
True
Is 61109 prime?
False
Is 84516149 a composite number?
True
Is 408760907 a composite number?
False
Is 35612723 composite?
True
Is 95749259 a prime number?
True
Is 389797081 composite?
False
Is 169742215 composite?
True
Is 192087409 composite?
False
Is 17133511 a prime number?
False
Is 688299653 a prime number?
True
Is 172517509 a prime number?
True
Is 12962 composite?
True
Is 159327107 composite?
True
Is 147540011 a prime number?
True
Is 34930111 a composite number?
False
Is 24479203 a composite number?
True
Is 4321703 prime?
True
Is 4583203 a prime number?
False
Is 23856509 composite?
False
Is 7996423 composite?
False
Is 797627 a prime number?
True
Is 24315793 a prime number?
False
Is 43994089 a composite number?
True
Is 86039 a composite number?
True
Is 37877677 composite?
True
Is 55414069 a composite number?
False
Is 1305371 a prime number?
True
Is 1065111167 prime?
True
Is 61746961 prime?
False
Is 132472657 a composite number?
False
Is 3496769 prime?
False
Is 2029793 composite?
False
Is 2790181 prime?
True
Is 2227087 a prime number?
True
Is 12188359 composite?
True
Is 632082109 prime?
False
Is 592758953 a prime number?
False
Is 40573711 a prime number?
True
Is 181884007 a composite number?
False
Is 4112827 composite?
True
Is 757736057 a prime number?
False
Is 2229083 a prime number?
True
Is 1780939 a composite number?
False
Is 8170178 a prime number?
False
Is 52712237 prime?
True
Is 32342663 prime?
True
Is 192761 a prime number?
False
Is 2947081 a composite number?
True
Is 210199529 a prime number?
False
Is 6637 a prime number?
True
Is 1500187 a composite number?
True
Is 1611201 prime?
False
Is 20512783 a prime number?
False
Is 66785071 a prime number?
True
Is 1194157 a prime number?
True
Is 60274411 a prime number?
False
Is 23263571 composite?
False
Is 221124301 a prime number?
False
Is 715555 prime?
False
Is 41389909 prime?
False
Is 117019471 a composite number?
False
Is 15951238 a prime number?
False
Is 4231177 prime?
True
Is 10619489 a composite number?
False
Is 331473119 a prime number?
False
Is 30194995 a prime number?
False
Is 22108309 composite?
False
Is 28351369 a prime number?
False
Is 9913027 composite?
False
Is 441977 composite?
True
Is 176958227 prime?
False
Is 178294447 prime?
True
Is 15329407 a composite number?
True
Is 806609 a composite number?
False
Is 6263399 composite?
False
Is 112853458 composite?
True
Is 873155 prime?
False
Is 539185 a prime number?
False
Is 140627 prime?
True
Is 28808947 a prime number?
True
Is 4674767 a prime number?
True
Is 18726413 a composite number?
False
Is 7607341 prime?
False
Is 55600861 prime?
True
Is 4181101 composite?
True
Is 334353823 composite?
False
Is 8915707 prime?
True
Is 2928749 prime?
True
Is 392551 a composite number?
True
Is 5216777 composite?
False
Is 33514543 a composite number?
False
Is 16106659 a composite number?
False
Is 17598349 prime?
False
Is 73793899 a composite number?
False
Is 655717 a composite number?
False
Is 354182 prime?
False
Is 744781 a prime number?
False
Is 335927 composite?
True
Is 29191793 a prime number?
True
Is 182651641 prime?
False
Is 2882597 prime?
False
Is 4524203 composite?
True
Is 142845949 prime?
False
Is 110191 a prime number?
False
Is 32567477 composite?
False
Is 55591997 prime?
False
Is 163928701 composite?
True
Is 6108607 prime?
True
Is 20517022 prime?
False
Is 142332161 prime?
True
Is 832960857 composite?
True
Is 143241554 a composite number?
True
Is 1876219 a composite number?
True
Is 2506421 composite?
False
Is 81010795 a prime number?
False
Is 6468941 a prime number?
False
Is 2249911 composite?
False
Is 6291821 a composite number?
False
Is 99604847 a prime number?
True
Is 43029493 prime?
False
Is 53493991 prime?
True
Is 1064243 composite?
False
Is 37302509 composite?
True
Is 38863549 a prime number?
True
Is 25763999 a prime number?
True
Is 189777859 composite?
False
Is 11631199 a composite number?
True
Is 28927901 composite?
False
Is 709589 a composite number?
False
Is 2177501 a prime number?
True
Is 111250291 a prime number?
True
Is 30688897 composite?
False
Is 1850749 a prime number?
True
Is 2040601 composite?
False
Is 73999 a prime number?
True
Is 73901923 a prime number?
False
Is 1296497 prime?
False
Is 137337131 a prime number?
False
Is 348793111 composite?
False
Is 15540511 a prime number?
False
Is 13090133 composite?
True
Is 80155291 a composite number?
True
Is 5384269 composite?
True
Is 307673399 a prime number?
False
Is 169160993 a prime number?
True
Is 18390497 a composite number?
True
Is 195969067 a prime number?
False
Is 107786699 a prime number?
False
Is 51556867 a composite number?
True
Is 6821681 composite?
True
Is 410964329 composite?
False
Is 163925783 a prime number?
False
Is 10160609 prime?
True
Is 27192995 composite?
True
Is 173081 a composite number?
False
Is 1347158067 prime?
False
Is 76018378 a composite number?
True
Is 2017921 composite?
True
Is 6947 composite?
False
Is 6976033 prime?
True
Is 255863 a prime number?
False
Is 764016007 a composite number?
False
Is 8006629 prime?
True
Is 10103641 prime?
True
Is 11823379 prime?
True
Is 5138747 a prime number?
True
Is 1746809 a composite number?
True
Is 967789 composite?
True
Is 87590446 composite?
True
Is 26155183 a composite number?
False
Is 3698189 a composite number?
True
Is 1236307 prime?
True
Is 72808089 composite?
True
Is 225250423 prime?
True
Is 70300079 a composite number?
False
Is 1627726457 composite?
True
Is 63407639 composite?
True
Is 2101441 composite?
True
Is 2735294 a composite number?
True
Is 8043689 a composite number?
True
Is 2409933 a composite number?
True
Is 8769589 prime?
False
Is 229010513 a prime number?
False
Is 5303047 prime?
True
Is 127136689 prime?
True
Is 385491409 a prime number?
True
Is 174358 a prime number?
False
Is 378677659 a prime number?
True
Is 2776385 composite?
True
Is 279108883 a composite number?
False
Is 805429 prime?
False
Is 2232653 composite?
False
Is 265797221 a composite number?
False
Is 5489971 prime?
True
Is 26870287 a prime number?
False
Is 2019259 a composite number?
True
Is 23178433 prime?
True
Is 59606957 a prime number?
True
Is 91138261 prime?
True
Is 9032437 prime?
True
Is 34954021 a composite number?
True
Is 2828053 prime?
True
Is 2294503 prime?
False
Is 57650183 composite?
True
Is 35940179 composite?
True
Is 254220679 prime?
False
Is 366673942 a prime number?
False
Is 35474683 composite?
False
Is 6828937 a prime number?
True
Is 1251565603 a composite number?
False
Is 440312657 a prime number?
False
Is 121355243 prime?
False
Is 58552861 a composite number?
True
Is 2484379 a composite number?
False
Is 5205633 a prime number?
False
Is 9580097 prime?
True
Is 4888438 a composite number?
True
Is 3435151 prime?
True
Is 6456569 a prime number?
False
Is 11133119 prime?
True
Is 856831 prime?
True
Is 25932679 prime?
False
Is 6903527 a composite number?
True
Is 38730323 a prime number?
False
Is 104139511 a composite number?
True
Is 5548954 a prime number?
False
Is 69431251 composite?
False
Is 8037763 a composite number?
True
Is 2429083 composite?
False
Is 42511279 composite?
False
Is 4110497 a composite number?
True
Is 280995269 a composite number?
False
Is 31323013 composite?
True
Is 46310089 composite?
True
Is 4877141 a composite number?
False
Is 10938817 a prime number?
True
Is 794365441 prime?
True
Is 25485107 a composite number?
False
Is 17922127 composite?
True
Is 50639 a composite number?
True
Is 25586741 composite?
True
Is 71645369 composite?
False
Is 988499 a composite number?
True
Is 6742951 composite?
False
Is 2889093 a composite number?
True
Is 666683 prime?
True
Is 4289651 a prime number?
False
Is 1768849 prime?
True
Is 930939 composite?
True
Is 248779009 a prime number?
False
Is 4993097 composite?
False
Is 216988247 a composite number?
True
Is 73874791 prime?
True
Is 270439409 prime?
True
Is 691255 composite?
True
Is 161841346 composite?
True
Is 159408971 prime?
False
Is 185023 a prime number?
False
Is 13823581 a prime number?
True
Is 1056119 a composite number?
True
Is 9543685 a prime number?
False
Is 91505903 pr